{"id":389,"date":"2013-09-07T15:02:14","date_gmt":"2013-09-07T19:02:14","guid":{"rendered":"http:\/\/pyme-soft.com.ve\/site\/?page_id=389"},"modified":"2026-04-14T02:32:16","modified_gmt":"2026-04-14T06:32:16","slug":"ofuscador-php-y-perl","status":"publish","type":"page","link":"https:\/\/www.pyme-soft.com.ve\/site\/ofuscador-php-y-perl\/","title":{"rendered":"Ofuscador PHP y PERL"},"content":{"rendered":"\n<h1 class=\"wp-block-heading has-text-align-center\"><strong>Ofuscador PHP y Perl: Proteja su C\u00f3digo Fuente de Forma Gratuita<\/strong><\/h1>\n\n\n\n<p><strong>Ofuscador PHP y Perl: Protecci\u00f3n de Propiedad Intelectual<\/strong> En el entorno competitivo del desarrollo de software, la protecci\u00f3n de la l\u00f3gica de programaci\u00f3n es una prioridad estrat\u00e9gica antes de la implementaci\u00f3n en servidores externos. Efectivamente, <a href=\"https:\/\/www.pyme-soft.com.ve\/site\/\" type=\"page\" id=\"880\">PymeSoft<\/a> ofrece este Ofuscador PHP y Perl como una soluci\u00f3n robusta para empresas y profesionales que requieren integrar una capa de privacidad avanzada en sus proyectos. Esta herramienta garantiza que el c\u00f3digo fuente mantenga su funcionalidad \u00edntegra mientras se mitiga el riesgo de exposici\u00f3n de algoritmos cr\u00edticos. Por consiguiente, las organizaciones pueden distribuir scripts con la seguridad de que su propiedad intelectual est\u00e1 blindada contra accesos no autorizados.<\/p>\n\n\n\n<div class=\"wp-block-buttons is-content-justification-center is-layout-flex wp-container-core-buttons-is-layout-0a794a15 wp-block-buttons-is-layout-flex\" style=\"padding-top:0;padding-bottom:0\">\n<div class=\"wp-block-button is-style-outline is-style-outline--1\"><a class=\"wp-block-button__link wp-element-button\" href=\"https:\/\/www.pyme-soft.com.ve\/site\/contactanos-soporte-pymes\/\">Cont\u00e1ctenos<\/a><\/div>\n\n\n\n<div class=\"wp-block-button is-style-fill\"><a class=\"wp-block-button__link has-theme-palette-15-background-color has-background wp-element-button\" href=\"https:\/\/pyme-soft.com.ve\/system_00\/index.php?demo=true\">Probar Demo<\/a><\/div>\n<\/div>\n\n\n<style>.kb-row-layout-id389_ba835d-41 > .kt-row-column-wrap{align-content:start;}:where(.kb-row-layout-id389_ba835d-41 > .kt-row-column-wrap) > .wp-block-kadence-column{justify-content:start;}.kb-row-layout-id389_ba835d-41 > .kt-row-column-wrap{column-gap:var(--global-kb-gap-md, 2rem);row-gap:var(--global-kb-gap-md, 2rem);padding-top:var(--global-kb-spacing-sm, 1.5rem);padding-bottom:var(--global-kb-spacing-sm, 1.5rem);grid-template-columns:repeat(2, minmax(0, 1fr));}.kb-row-layout-id389_ba835d-41 > .kt-row-layout-overlay{opacity:0.30;}@media all and (max-width: 1024px){.kb-row-layout-id389_ba835d-41 > .kt-row-column-wrap{grid-template-columns:repeat(2, minmax(0, 1fr));}}@media all and (max-width: 767px){.kb-row-layout-id389_ba835d-41 > .kt-row-column-wrap{grid-template-columns:minmax(0, 1fr);}}<\/style><div class=\"kb-row-layout-wrap kb-row-layout-id389_ba835d-41 alignnone wp-block-kadence-rowlayout\"><div class=\"kt-row-column-wrap kt-has-2-columns kt-row-layout-equal kt-tab-layout-inherit kt-mobile-layout-row kt-row-valign-top\">\n<style>.kadence-column389_9a7fcb-ae > .kt-inside-inner-col,.kadence-column389_9a7fcb-ae > .kt-inside-inner-col:before{border-top-left-radius:0px;border-top-right-radius:0px;border-bottom-right-radius:0px;border-bottom-left-radius:0px;}.kadence-column389_9a7fcb-ae > .kt-inside-inner-col{column-gap:var(--global-kb-gap-sm, 1rem);}.kadence-column389_9a7fcb-ae > .kt-inside-inner-col{flex-direction:column;}.kadence-column389_9a7fcb-ae > .kt-inside-inner-col > .aligncenter{width:100%;}.kadence-column389_9a7fcb-ae > .kt-inside-inner-col:before{opacity:0.3;}.kadence-column389_9a7fcb-ae{position:relative;}@media all and (max-width: 1024px){.kadence-column389_9a7fcb-ae > .kt-inside-inner-col{flex-direction:column;justify-content:center;}}@media all and (max-width: 767px){.kadence-column389_9a7fcb-ae > .kt-inside-inner-col{flex-direction:column;justify-content:center;}}<\/style>\n<div class=\"wp-block-kadence-column kadence-column389_9a7fcb-ae\"><div class=\"kt-inside-inner-col\">\n<h3 class=\"wp-block-heading\">\u00bfPara qu\u00e9 sirve esta herramienta? el <strong>Ofuscador PHP y Perl<\/strong><\/h3>\n\n\n\n<p>La <a href=\"https:\/\/owasp.org\/www-community\/controls\/Bytecode_obfuscation\" target=\"_blank\" rel=\"noreferrer noopener nofollow\">ofuscaci\u00f3n<\/a> no cambia el funcionamiento del programa, pero transforma el c\u00f3digo fuente en algo pr\u00e1cticamente ilegible para el ojo humano. Al procesar tus archivos con este <strong>Ofuscador PHP y Perl<\/strong>, dificultas la ingenier\u00eda inversa y proteges tu propiedad intelectual de manera r\u00e1pida y sin complicaciones.<\/p>\n\n\n\n<h3 class=\"wp-block-heading\">C\u00f3mo utilizar el Ofuscador<\/h3>\n\n\n\n<p>Solo debes pegar tu c\u00f3digo en el \u00e1rea correspondiente y procesarlo. Es una utilidad que en su momento me fue de gran ayuda y hoy la comparto para que cualquier colega que la necesite pueda utilizarla libremente.<\/p>\n\n\n\n<ol start=\"1\" class=\"wp-block-list\">\n<li><strong>Uso compartido:<\/strong> Ideal para proteger scripts que se ejecutan en entornos donde no tienes control total.<\/li>\n\n\n\n<li><strong>Seguridad r\u00e1pida:<\/strong> Una soluci\u00f3n directa para proteger peque\u00f1os m\u00f3dulos o funciones cr\u00edticas.<\/li>\n\n\n\n<li><strong>Filosof\u00eda PymeSoft:<\/strong> Creemos en el crecimiento mutuo; si esta herramienta te ahorra tiempo o te da tranquilidad, el objetivo est\u00e1 cumplido.<\/li>\n<\/ol>\n<\/div><\/div>\n\n\n<style>.kadence-column389_099755-17 > .kt-inside-inner-col,.kadence-column389_099755-17 > .kt-inside-inner-col:before{border-top-left-radius:0px;border-top-right-radius:0px;border-bottom-right-radius:0px;border-bottom-left-radius:0px;}.kadence-column389_099755-17 > .kt-inside-inner-col{column-gap:var(--global-kb-gap-sm, 1rem);}.kadence-column389_099755-17 > .kt-inside-inner-col{flex-direction:column;}.kadence-column389_099755-17 > .kt-inside-inner-col > .aligncenter{width:100%;}.kadence-column389_099755-17 > .kt-inside-inner-col:before{opacity:0.3;}.kadence-column389_099755-17{position:relative;}@media all and (max-width: 1024px){.kadence-column389_099755-17 > .kt-inside-inner-col{flex-direction:column;justify-content:center;}}@media all and (max-width: 767px){.kadence-column389_099755-17 > .kt-inside-inner-col{flex-direction:column;justify-content:center;}}<\/style>\n<div class=\"wp-block-kadence-column kadence-column389_099755-17\"><div class=\"kt-inside-inner-col\">\n<figure class=\"wp-block-image size-full\"><a href=\"https:\/\/pyme-soft.com.ve\/site\/wp-content\/uploads\/2026\/04\/ofuscador.webp\"><img loading=\"lazy\" decoding=\"async\" width=\"869\" height=\"772\" src=\"https:\/\/pyme-soft.com.ve\/site\/wp-content\/uploads\/2026\/04\/ofuscador.webp\" alt=\"herramienta-gratuita-ofuscacion-codigo-php-perl-pymesof\" class=\"wp-image-2141\" style=\"object-fit:cover\" srcset=\"https:\/\/www.pyme-soft.com.ve\/site\/wp-content\/uploads\/2026\/04\/ofuscador.webp 869w, https:\/\/www.pyme-soft.com.ve\/site\/wp-content\/uploads\/2026\/04\/ofuscador-300x267.webp 300w, https:\/\/www.pyme-soft.com.ve\/site\/wp-content\/uploads\/2026\/04\/ofuscador-768x682.webp 768w\" sizes=\"auto, (max-width: 869px) 100vw, 869px\" \/><\/a><\/figure>\n<\/div><\/div>\n\n<\/div><\/div>\n\n\n<h3 class=\"wp-block-heading\">Recursos adicionales para desarrolladores<\/h3>\n\n\n\n<p>Si quieres profundizar en c\u00f3mo funciona t\u00e9cnicamente este proceso, te recomiendo consultar la base te\u00f3rica sobre Ofuscaci\u00f3n en Wikipedia . Tambi\u00e9n puedes echar un vistazo a nuestros otros recursos en la secci\u00f3n de <a href=\"https:\/\/www.google.com\/search?q=https:\/\/pyme-soft.com.ve\/site\/servicios\" target=\"_blank\" rel=\"noreferrer noopener\">Servicios de PymeSoft<\/a> para ver qu\u00e9 m\u00e1s estamos construyendo.<\/p>\n\n\n\n<!-- iframe plugin v.6.0 wordpress.org\/plugins\/iframe\/ -->\n<iframe loading=\"lazy\" src=\"\/system_00\/views\/00-Sys\/000_ofuscador.php\" height=\"800\" scrolling=\"yes\" width=\"100%\" class=\"iframe-class\" frameborder=\"0\"><\/iframe>\n\n\n\n<div class=\"wp-block-buttons is-content-justification-center is-layout-flex wp-container-core-buttons-is-layout-0a794a15 wp-block-buttons-is-layout-flex\" style=\"padding-top:0;padding-bottom:0\">\n<div class=\"wp-block-button is-style-outline is-style-outline--2\"><a class=\"wp-block-button__link wp-element-button\" href=\"https:\/\/www.pyme-soft.com.ve\/site\/contactanos-soporte-pymes\/\">Cont\u00e1ctenos<\/a><\/div>\n\n\n\n<div class=\"wp-block-button is-style-fill\"><a class=\"wp-block-button__link has-theme-palette-15-background-color has-background wp-element-button\" href=\"https:\/\/pyme-soft.com.ve\/system_00\/index.php?demo=true\">Probar Demo<\/a><\/div>\n<\/div>\n\n\n<style>.kb-row-layout-id2678_201970-bf > .kt-row-column-wrap{align-content:start;}:where(.kb-row-layout-id2678_201970-bf > .kt-row-column-wrap) > .wp-block-kadence-column{justify-content:start;}.kb-row-layout-id2678_201970-bf > .kt-row-column-wrap{column-gap:var(--global-kb-gap-md, 2rem);row-gap:var(--global-kb-gap-md, 2rem);padding-top:0px;padding-bottom:0px;grid-template-columns:minmax(0, 1fr);}.kb-row-layout-id2678_201970-bf > .kt-row-layout-overlay{opacity:0.30;}@media all and (max-width: 1024px){.kb-row-layout-id2678_201970-bf > .kt-row-column-wrap{grid-template-columns:minmax(0, 1fr);}}@media all and (max-width: 767px){.kb-row-layout-id2678_201970-bf > .kt-row-column-wrap{grid-template-columns:minmax(0, 1fr);}}<\/style><div class=\"kb-row-layout-wrap kb-row-layout-id2678_201970-bf alignnone sticky-footer-bar wp-block-kadence-rowlayout\"><div class=\"kt-row-column-wrap kt-has-1-columns kt-row-layout-equal kt-tab-layout-inherit kt-mobile-layout-row kt-row-valign-top\">\n<style>.kadence-column2678_344f93-bb > .kt-inside-inner-col,.kadence-column2678_344f93-bb > .kt-inside-inner-col:before{border-top-left-radius:0px;border-top-right-radius:0px;border-bottom-right-radius:0px;border-bottom-left-radius:0px;}.kadence-column2678_344f93-bb > .kt-inside-inner-col{column-gap:var(--global-kb-gap-sm, 1rem);}.kadence-column2678_344f93-bb > .kt-inside-inner-col{flex-direction:column;}.kadence-column2678_344f93-bb > .kt-inside-inner-col > .aligncenter{width:100%;}.kadence-column2678_344f93-bb > .kt-inside-inner-col:before{opacity:0.3;}.kadence-column2678_344f93-bb{position:relative;}@media all and (max-width: 1024px){.kadence-column2678_344f93-bb > .kt-inside-inner-col{flex-direction:column;justify-content:center;}}@media all and (max-width: 767px){.kadence-column2678_344f93-bb > .kt-inside-inner-col{flex-direction:column;justify-content:center;}}<\/style>\n<div class=\"wp-block-kadence-column kadence-column2678_344f93-bb kvs-lg-false kvs-md-false\"><div class=\"kt-inside-inner-col\">\n<div class=\"wp-block-buttons is-content-justification-center is-layout-flex wp-container-core-buttons-is-layout-16018d1d wp-block-buttons-is-layout-flex\">\n<div class=\"wp-block-button is-style-outline is-style-outline--3\"><a class=\"wp-block-button__link wp-element-button\" href=\"https:\/\/pyme-soft.com.ve\/site\/contactenos\/\">Solicitar Asesor\u00eda<\/a><\/div>\n\n\n\n<div class=\"wp-block-button\"><a class=\"wp-block-button__link has-theme-palette-14-background-color has-background wp-element-button\" href=\"https:\/\/pyme-soft.com.ve\/system_00\/index.php?demo=true\">Ver Demo Gratis<\/a><\/div>\n<\/div>\n<\/div><\/div>\n\n<\/div><\/div>\n\n\n<p><\/p>\n","protected":false},"excerpt":{"rendered":"<p>Ofuscador PHP y Perl: Proteja su C\u00f3digo Fuente de Forma Gratuita Ofuscador PHP y Perl: Protecci\u00f3n de Propiedad Intelectual En el entorno competitivo del desarrollo de software, la protecci\u00f3n de la l\u00f3gica de programaci\u00f3n es una prioridad estrat\u00e9gica antes de la implementaci\u00f3n en servidores externos. Efectivamente, PymeSoft ofrece este Ofuscador PHP y Perl como una&#8230;<\/p>\n","protected":false},"author":1,"featured_media":0,"parent":0,"menu_order":0,"comment_status":"open","ping_status":"closed","template":"","meta":{"_kad_post_transparent":"","_kad_post_title":"","_kad_post_layout":"","_kad_post_sidebar_id":"","_kad_post_content_style":"","_kad_post_vertical_padding":"","_kad_post_feature":"","_kad_post_feature_position":"","_kad_post_header":false,"_kad_post_footer":false,"_kad_post_classname":"","footnotes":""},"class_list":["post-389","page","type-page","status-publish","hentry"],"yoast_head":"<!-- This site is optimized with the Yoast SEO plugin v27.4 - https:\/\/yoast.com\/product\/yoast-seo-wordpress\/ -->\n<title>Ofuscador PHP y Perl: Proteja su C\u00f3digo Fuente Gratis<\/title>\n<meta name=\"description\" content=\"Ofuscador PHP y Perl gratuito Proteja la l\u00f3gica de sus scripts, evite la ingenier\u00eda inversa Herramienta r\u00e1pida para desarrolladores \u00a1Pru\u00e9bela!\" \/>\n<meta name=\"robots\" content=\"index, follow, max-snippet:-1, max-image-preview:large, max-video-preview:-1\" \/>\n<link rel=\"canonical\" href=\"https:\/\/www.pyme-soft.com.ve\/site\/ofuscador-php-y-perl\/\" \/>\n<meta property=\"og:locale\" content=\"es_ES\" \/>\n<meta property=\"og:type\" content=\"article\" \/>\n<meta property=\"og:title\" content=\"Ofuscador PHP y Perl: Proteja su C\u00f3digo Fuente Gratis\" \/>\n<meta property=\"og:description\" content=\"Ofuscador PHP y Perl gratuito Proteja la l\u00f3gica de sus scripts, evite la ingenier\u00eda inversa Herramienta r\u00e1pida para desarrolladores \u00a1Pru\u00e9bela!\" \/>\n<meta property=\"og:url\" content=\"https:\/\/www.pyme-soft.com.ve\/site\/ofuscador-php-y-perl\/\" \/>\n<meta property=\"og:site_name\" content=\"Pyme&#039;S ERP - Sistema de Gesti\u00f3n de C\u00f3digo Abierto\" \/>\n<meta property=\"article:modified_time\" content=\"2026-04-14T06:32:16+00:00\" \/>\n<meta property=\"og:image\" content=\"https:\/\/www.pyme-soft.com.ve\/site\/wp-content\/uploads\/2026\/04\/ofuscador.webp\" \/>\n\t<meta property=\"og:image:width\" content=\"869\" \/>\n\t<meta property=\"og:image:height\" content=\"772\" \/>\n\t<meta property=\"og:image:type\" content=\"image\/webp\" \/>\n<meta name=\"twitter:card\" content=\"summary_large_image\" \/>\n<meta name=\"twitter:label1\" content=\"Tiempo de lectura\" \/>\n\t<meta name=\"twitter:data1\" content=\"2 minutos\" \/>\n<script type=\"application\/ld+json\" class=\"yoast-schema-graph\">{\"@context\":\"https:\\\/\\\/schema.org\",\"@graph\":[{\"@type\":\"WebPage\",\"@id\":\"https:\\\/\\\/www.pyme-soft.com.ve\\\/site\\\/ofuscador-php-y-perl\\\/\",\"url\":\"https:\\\/\\\/www.pyme-soft.com.ve\\\/site\\\/ofuscador-php-y-perl\\\/\",\"name\":\"Ofuscador PHP y Perl: Proteja su C\u00f3digo Fuente Gratis\",\"isPartOf\":{\"@id\":\"https:\\\/\\\/www.pyme-soft.com.ve\\\/site\\\/#website\"},\"primaryImageOfPage\":{\"@id\":\"https:\\\/\\\/www.pyme-soft.com.ve\\\/site\\\/ofuscador-php-y-perl\\\/#primaryimage\"},\"image\":{\"@id\":\"https:\\\/\\\/www.pyme-soft.com.ve\\\/site\\\/ofuscador-php-y-perl\\\/#primaryimage\"},\"thumbnailUrl\":\"https:\\\/\\\/pyme-soft.com.ve\\\/site\\\/wp-content\\\/uploads\\\/2026\\\/04\\\/ofuscador.webp\",\"datePublished\":\"2013-09-07T19:02:14+00:00\",\"dateModified\":\"2026-04-14T06:32:16+00:00\",\"description\":\"Ofuscador PHP y Perl gratuito Proteja la l\u00f3gica de sus scripts, evite la ingenier\u00eda inversa Herramienta r\u00e1pida para desarrolladores \u00a1Pru\u00e9bela!\",\"breadcrumb\":{\"@id\":\"https:\\\/\\\/www.pyme-soft.com.ve\\\/site\\\/ofuscador-php-y-perl\\\/#breadcrumb\"},\"inLanguage\":\"es\",\"potentialAction\":[{\"@type\":\"ReadAction\",\"target\":[\"https:\\\/\\\/www.pyme-soft.com.ve\\\/site\\\/ofuscador-php-y-perl\\\/\"]}]},{\"@type\":\"ImageObject\",\"inLanguage\":\"es\",\"@id\":\"https:\\\/\\\/www.pyme-soft.com.ve\\\/site\\\/ofuscador-php-y-perl\\\/#primaryimage\",\"url\":\"https:\\\/\\\/pyme-soft.com.ve\\\/site\\\/wp-content\\\/uploads\\\/2026\\\/04\\\/ofuscador.webp\",\"contentUrl\":\"https:\\\/\\\/pyme-soft.com.ve\\\/site\\\/wp-content\\\/uploads\\\/2026\\\/04\\\/ofuscador.webp\"},{\"@type\":\"BreadcrumbList\",\"@id\":\"https:\\\/\\\/www.pyme-soft.com.ve\\\/site\\\/ofuscador-php-y-perl\\\/#breadcrumb\",\"itemListElement\":[{\"@type\":\"ListItem\",\"position\":1,\"name\":\"Portada\",\"item\":\"https:\\\/\\\/www.pyme-soft.com.ve\\\/site\\\/\"},{\"@type\":\"ListItem\",\"position\":2,\"name\":\"Ofuscador PHP y PERL\"}]},{\"@type\":\"WebSite\",\"@id\":\"https:\\\/\\\/www.pyme-soft.com.ve\\\/site\\\/#website\",\"url\":\"https:\\\/\\\/www.pyme-soft.com.ve\\\/site\\\/\",\"name\":\"Pyme'S ERP - Sistema de Gesti\u00f3n de C\u00f3digo Abierto\",\"description\":\"\u00a1Impulsa tu Negocio HOY! \u00a1Solicita tu prueba gratuita ahora con los m\u00f3dulos de Ventas y Compras de nuestro Sistema ERP de C\u00f3digo Abierto y Homologado. Centraliza y automatiza todos los procesos de su empresa y toma el control total. \u00a1Aumenta tu productividad y prep\u00e1rate para el crecimiento! Te ofrecemos todas las herramientas que necesitas para escalar y alcanzar tus objetivos. F\u00e1cil de usar y Soporte profesional. \u00a1No pierdas esta oportunidad \u00fanica!\",\"publisher\":{\"@id\":\"https:\\\/\\\/www.pyme-soft.com.ve\\\/site\\\/#organization\"},\"alternateName\":\"Pyme'S\",\"potentialAction\":[{\"@type\":\"SearchAction\",\"target\":{\"@type\":\"EntryPoint\",\"urlTemplate\":\"https:\\\/\\\/www.pyme-soft.com.ve\\\/site\\\/?s={search_term_string}\"},\"query-input\":{\"@type\":\"PropertyValueSpecification\",\"valueRequired\":true,\"valueName\":\"search_term_string\"}}],\"inLanguage\":\"es\"},{\"@type\":\"Organization\",\"@id\":\"https:\\\/\\\/www.pyme-soft.com.ve\\\/site\\\/#organization\",\"name\":\"PYME'Soft C.A.\",\"alternateName\":\"Pyme'S\",\"url\":\"https:\\\/\\\/www.pyme-soft.com.ve\\\/site\\\/\",\"logo\":{\"@type\":\"ImageObject\",\"inLanguage\":\"es\",\"@id\":\"https:\\\/\\\/www.pyme-soft.com.ve\\\/site\\\/#\\\/schema\\\/logo\\\/image\\\/\",\"url\":\"https:\\\/\\\/www.pyme-soft.com.ve\\\/site\\\/wp-content\\\/uploads\\\/2026\\\/03\\\/cropped-PymeS.webp\",\"contentUrl\":\"https:\\\/\\\/www.pyme-soft.com.ve\\\/site\\\/wp-content\\\/uploads\\\/2026\\\/03\\\/cropped-PymeS.webp\",\"width\":776,\"height\":137,\"caption\":\"PYME'Soft C.A.\"},\"image\":{\"@id\":\"https:\\\/\\\/www.pyme-soft.com.ve\\\/site\\\/#\\\/schema\\\/logo\\\/image\\\/\"}}]}<\/script>\n<!-- \/ Yoast SEO plugin. -->","yoast_head_json":{"title":"Ofuscador PHP y Perl: Proteja su C\u00f3digo Fuente Gratis","description":"Ofuscador PHP y Perl gratuito Proteja la l\u00f3gica de sus scripts, evite la ingenier\u00eda inversa Herramienta r\u00e1pida para desarrolladores \u00a1Pru\u00e9bela!","robots":{"index":"index","follow":"follow","max-snippet":"max-snippet:-1","max-image-preview":"max-image-preview:large","max-video-preview":"max-video-preview:-1"},"canonical":"https:\/\/www.pyme-soft.com.ve\/site\/ofuscador-php-y-perl\/","og_locale":"es_ES","og_type":"article","og_title":"Ofuscador PHP y Perl: Proteja su C\u00f3digo Fuente Gratis","og_description":"Ofuscador PHP y Perl gratuito Proteja la l\u00f3gica de sus scripts, evite la ingenier\u00eda inversa Herramienta r\u00e1pida para desarrolladores \u00a1Pru\u00e9bela!","og_url":"https:\/\/www.pyme-soft.com.ve\/site\/ofuscador-php-y-perl\/","og_site_name":"Pyme&#039;S ERP - Sistema de Gesti\u00f3n de C\u00f3digo Abierto","article_modified_time":"2026-04-14T06:32:16+00:00","og_image":[{"width":869,"height":772,"url":"https:\/\/www.pyme-soft.com.ve\/site\/wp-content\/uploads\/2026\/04\/ofuscador.webp","type":"image\/webp"}],"twitter_card":"summary_large_image","twitter_misc":{"Tiempo de lectura":"2 minutos"},"schema":{"@context":"https:\/\/schema.org","@graph":[{"@type":"WebPage","@id":"https:\/\/www.pyme-soft.com.ve\/site\/ofuscador-php-y-perl\/","url":"https:\/\/www.pyme-soft.com.ve\/site\/ofuscador-php-y-perl\/","name":"Ofuscador PHP y Perl: Proteja su C\u00f3digo Fuente Gratis","isPartOf":{"@id":"https:\/\/www.pyme-soft.com.ve\/site\/#website"},"primaryImageOfPage":{"@id":"https:\/\/www.pyme-soft.com.ve\/site\/ofuscador-php-y-perl\/#primaryimage"},"image":{"@id":"https:\/\/www.pyme-soft.com.ve\/site\/ofuscador-php-y-perl\/#primaryimage"},"thumbnailUrl":"https:\/\/pyme-soft.com.ve\/site\/wp-content\/uploads\/2026\/04\/ofuscador.webp","datePublished":"2013-09-07T19:02:14+00:00","dateModified":"2026-04-14T06:32:16+00:00","description":"Ofuscador PHP y Perl gratuito Proteja la l\u00f3gica de sus scripts, evite la ingenier\u00eda inversa Herramienta r\u00e1pida para desarrolladores \u00a1Pru\u00e9bela!","breadcrumb":{"@id":"https:\/\/www.pyme-soft.com.ve\/site\/ofuscador-php-y-perl\/#breadcrumb"},"inLanguage":"es","potentialAction":[{"@type":"ReadAction","target":["https:\/\/www.pyme-soft.com.ve\/site\/ofuscador-php-y-perl\/"]}]},{"@type":"ImageObject","inLanguage":"es","@id":"https:\/\/www.pyme-soft.com.ve\/site\/ofuscador-php-y-perl\/#primaryimage","url":"https:\/\/pyme-soft.com.ve\/site\/wp-content\/uploads\/2026\/04\/ofuscador.webp","contentUrl":"https:\/\/pyme-soft.com.ve\/site\/wp-content\/uploads\/2026\/04\/ofuscador.webp"},{"@type":"BreadcrumbList","@id":"https:\/\/www.pyme-soft.com.ve\/site\/ofuscador-php-y-perl\/#breadcrumb","itemListElement":[{"@type":"ListItem","position":1,"name":"Portada","item":"https:\/\/www.pyme-soft.com.ve\/site\/"},{"@type":"ListItem","position":2,"name":"Ofuscador PHP y PERL"}]},{"@type":"WebSite","@id":"https:\/\/www.pyme-soft.com.ve\/site\/#website","url":"https:\/\/www.pyme-soft.com.ve\/site\/","name":"Pyme'S ERP - Sistema de Gesti\u00f3n de C\u00f3digo Abierto","description":"\u00a1Impulsa tu Negocio HOY! \u00a1Solicita tu prueba gratuita ahora con los m\u00f3dulos de Ventas y Compras de nuestro Sistema ERP de C\u00f3digo Abierto y Homologado. Centraliza y automatiza todos los procesos de su empresa y toma el control total. \u00a1Aumenta tu productividad y prep\u00e1rate para el crecimiento! Te ofrecemos todas las herramientas que necesitas para escalar y alcanzar tus objetivos. F\u00e1cil de usar y Soporte profesional. \u00a1No pierdas esta oportunidad \u00fanica!","publisher":{"@id":"https:\/\/www.pyme-soft.com.ve\/site\/#organization"},"alternateName":"Pyme'S","potentialAction":[{"@type":"SearchAction","target":{"@type":"EntryPoint","urlTemplate":"https:\/\/www.pyme-soft.com.ve\/site\/?s={search_term_string}"},"query-input":{"@type":"PropertyValueSpecification","valueRequired":true,"valueName":"search_term_string"}}],"inLanguage":"es"},{"@type":"Organization","@id":"https:\/\/www.pyme-soft.com.ve\/site\/#organization","name":"PYME'Soft C.A.","alternateName":"Pyme'S","url":"https:\/\/www.pyme-soft.com.ve\/site\/","logo":{"@type":"ImageObject","inLanguage":"es","@id":"https:\/\/www.pyme-soft.com.ve\/site\/#\/schema\/logo\/image\/","url":"https:\/\/www.pyme-soft.com.ve\/site\/wp-content\/uploads\/2026\/03\/cropped-PymeS.webp","contentUrl":"https:\/\/www.pyme-soft.com.ve\/site\/wp-content\/uploads\/2026\/03\/cropped-PymeS.webp","width":776,"height":137,"caption":"PYME'Soft C.A."},"image":{"@id":"https:\/\/www.pyme-soft.com.ve\/site\/#\/schema\/logo\/image\/"}}]}},"_links":{"self":[{"href":"https:\/\/www.pyme-soft.com.ve\/site\/wp-json\/wp\/v2\/pages\/389","targetHints":{"allow":["GET"]}}],"collection":[{"href":"https:\/\/www.pyme-soft.com.ve\/site\/wp-json\/wp\/v2\/pages"}],"about":[{"href":"https:\/\/www.pyme-soft.com.ve\/site\/wp-json\/wp\/v2\/types\/page"}],"author":[{"embeddable":true,"href":"https:\/\/www.pyme-soft.com.ve\/site\/wp-json\/wp\/v2\/users\/1"}],"replies":[{"embeddable":true,"href":"https:\/\/www.pyme-soft.com.ve\/site\/wp-json\/wp\/v2\/comments?post=389"}],"version-history":[{"count":0,"href":"https:\/\/www.pyme-soft.com.ve\/site\/wp-json\/wp\/v2\/pages\/389\/revisions"}],"wp:attachment":[{"href":"https:\/\/www.pyme-soft.com.ve\/site\/wp-json\/wp\/v2\/media?parent=389"}],"curies":[{"name":"wp","href":"https:\/\/api.w.org\/{rel}","templated":true}]}}